 1 + -4 + -1. What is the highest common divisor of c and s?
1
Let t be 1 + -54 - 4/(-4). Let r = -35 - t. What is the highest common factor of 187 and r?
17
Let o be 2/(2/24 + 0). Suppose x - o = 11. Let m = x - 21. What is the greatest common factor of m and 56?
14
Suppose h + 11*t = 10*t + 7, -3*h + 21 = t. Let s = 17 - 10. Calculate the highest common factor of h and s.
7
Let y be (-543)/(-15) + (-5)/25. Suppose -18*m = -27 - 45. What is the highest common factor of m and y?
4
Let d(n) be the third derivative of n**5/15 + n**4/12 - n**3/3 + 13*n**2. Let u be d(3). What is the highest common divisor of u and 8?
8
Suppose d + 2*d = -o - 5, 4*d = o - 16. Let y = d + 35. What is the highest common divisor of 8 and y?
8
Let r(z) = z**3 - 18*z**2 - 21*z + 40. Let s be r(19). What is the greatest common divisor of 2 and s?
2
Let w(u) = u**2 + 10*u - 21. Let p be w(-13). Let j = 15 + -10. Let n be ((-2)/(-4))/(j/1440). Calculate the highest common factor of p and n.
18
Let k = 23 + -53. Let a be (-48)/(-18)*k/(-8). Let o(z) = 21*z - 3. Let p be o(3). What is the greatest common divisor of p and a?
10
Suppose -2*p = -4*j - 17 + 35, -2*p - 15 = -3*j. Let v(z) = -2*z + 7. Let g be v(5). Let i be (-1)/g - (-4)/6. Calculate the highest common divisor of i and j.
1
Let z(t) = 34*t**2 - 2*t - 8. Let k be z(-3). Calculate the highest common divisor of k and 32.
16
Suppose 0 = -3*a + 5*k - 24, -9 = 5*a - k + 3*k. Let q be (-3)/(a/(-1)) - 34/(-2). Suppose 5*f + 71 = 271. What is the greatest common divisor of q and f?
8
Suppose -x + 1750 = -5*z, -43*z + 41*z + 10 = 0. Calculate the greatest common divisor of x and 71.
71
Let d be 780/14 - (-10)/35. Let m be (280/6)/((-11)/(-33)). Calculate the greatest common factor of m and d.
28
Let d = -46 + 47. Suppose 3*j + h = 95, j - 38 = 5*h - d. Suppose -5*v = -r + 4*r - 22, 0 = 5*v - 10. What is the greatest common factor of r and j?
4
Let o(j) = -3*j + 2. Let g be o(-5). Let t be 410/g + (-8)/68. Calculate the greatest common divisor of t and 36.
12
Suppose 2850 = 9*y + y. Calculate the greatest common factor of 30 and y.
15
Suppose 3*u + 3*w = -2*u + 20, -16 = -4*u + 2*w. Suppose -4*y + 4*i - 5*i = -178, 2*y - 90 = -i. What is the greatest common factor of y and u?
4
Let c(j) = j**2 + j - 11. Let l be c(4). Suppose l*b + 104 - 329 = 0. Suppose -t + 25 = -0*t. What is the highest common factor of t and b?
25
Let b = -687 - -786. What is the greatest common divisor of b and 88?
11
Suppose -q + 60 = -2*m - 5*q, 5*m + 3*q + 178 = 0. Let j = m - -37. Let y be 1 - j - (5 + -6). Calculate the highest common factor of y and 24.
3
Let b be (22/(-6))/(12/(-36)). What is the greatest common divisor of b and 704?
11
Let t be ((-8)/(-6) + 0)*3. Suppose 25*k = -21*k + 47*k. Suppose k = 4*s + 2*s - 192. What is the highest common divisor of t and s?
4
Let r be 1/(-3)*-12*(-368)/(-16). Calculate the greatest common divisor of r and 161.
23
Let p = -636 - -650. Calculate the greatest common factor of 42 and p.
14
Let r = 5 + 0. Let p(c) = 39*c + 4. Let g be p(5). Suppose 116 + g = r*j. Calculate the highest common factor of j and 21.
21
Let z(b) = -5*b + 212. Let m be z(41). What is the greatest common divisor of 112 and m?
7
Let x(j) = 3*j + 15. Let b be x(1). What is the highest common factor of b and 36?
18
Let z = 1115 + -1084. Calculate the greatest common factor of z and 217.
31
Let r(d) be the third derivative of 11*d**5/60 + 5*d**4/24 + d**3/2 + 41*d**2. Let h be r(-6). What is the greatest common factor of h and 41?
41
Let v = -59 - -17. Let w be v/(-18) + 2/3. What is the greatest common divisor of w and 21?
3
Let x = 1 + 17. Suppose 3*p - 300 = -2*p + 3*q, -121 = -2*p + q. Let k = p + -51. What is the highest common divisor of k and x?
6
Let y be (64/2 - 3)*1. Suppose 3 = a + y. Let d = a - -30. Calculate the highest common divisor of d and 2.
2
Let u be (-201)/(-9) - 2/6. Let v be (-3320)/(-100) + 2/(-10). What is the highest common factor of v and u?
11
Let b be (-2 + (-16)/(-6))/((-28)/294). Let t be ((-10150)/12)/b - (-6)/36. Calculate the highest common factor of t and 11.
11
Suppose -64*t + 53*t + 44 = 0. What is the greatest common divisor of 128 and t?
4
Suppose 12*f = 10*f + 330. Let j(m) = 4*m + 18. Let l be j(12). Calculate the greatest common divisor of l and f.
33
Let q = 60 - 55. Suppose q*m = 2*w - 3*w, 0 = 2*m + 2*w + 8. Calculate the greatest common divisor of 9 and m.
1
Let u = 165 + -84. Calculate the greatest common divisor of 3 and u.
3
Let f(g) = 9*g**2 + 5*g - 19. Let t be f(5). What is the greatest common divisor of t and 63?
21
Let z be -4 + -1 - -3 - (-65)/1. Suppose z = -3*g + 114. Calculate the highest common factor of g and 51.
17
Let v(i) = 5*i**2 - i + 3. Let l be v(-2). Let b = -2 - l. Let t be (b/(-2))/(9/12). Calculate the greatest common divisor of 72 and t.
18
Let r = -27 - -27. Let m be (r - -3) + -7 - -121. Let u = 197 - m. What is the greatest common factor of 10 and u?
10
Suppose -2*c = -8*c + 18. Let v(w) = -c - 7*w + 32*w**2 - 31*w**2 + 9. Let j be v(9). What is the highest common factor of j and 36?
12
Let y(z) = 61*z - 83. Let n be y(7). Calculate the greatest common factor of 40 and n.
8
Let v be (-4 + -4 + 13)/1. Suppose v*k + 5*q = 135, q - 2*q = -k + 19. Let x be (-24)/9*207/(-6). Calculate the highest common divisor of x and k.
23
Suppose u - 2*u + 38 = 3*b, u - 62 = -5*b. Let m = 198 + -186. Calculate the greatest common divisor of b and m.
12
Let q = -4 - -8. Suppose 4*n - 18 = 2*o, 4*o = 3*n - 47 - q. Let i be (-504)/o + (-12)/20. What is the greatest common factor of 22 and i?
11
Let v = -27 + 117. What is the greatest common factor of 90 and v?
90
Let x = -24 - -28. Suppose l = j + 20, x*l - 2*j = -0*l + 74. What is the greatest common factor of l and 34?
17
Let p be -12 - -9 - (-7 - (-1 + 1)). Suppose 49 = 2*f - 5*b, -5*b + b = -p. What is the greatest common factor of 3 and f?
3
Suppose n - 15*n = -8918. What is the greatest common divisor of 182 and n?
91
Let d be -15*(860/(-160) - (-6)/16). What is the greatest common divisor of 6 and d?
3
Let u be (-1 - -1)/(9/((-36)/(-8))). Suppose -9*k - 2*k + 374 = u. Calculate the highest common factor of 34 and k.
34
Let n = -72 + 134. What is the greatest common divisor of n and 248?
62
Let o = -91 - -96. What is the greatest common divisor of 815 and o?
5
Let g(b) = 17*b - 191. Let h be g(15). Let k be (-2)/4*-2 - -46. Suppose -3*z + 29 = y, -4*z - 3*y + k = -0*y. What is the highest common divisor of z and h?
8
Let r = -4 + 8. Let q be -3 + -4 + 3 + 4. Suppose q = -5*t - j + 199, -t + 5*j + 38 = -7. What is the highest common factor of t and r?
4
Let q be 14/(-63) + 38/9. Suppose h + 11 = -2*s + 212, 2*s + q*h = 210. Calculate the greatest common factor of s and 33.
33
Let u(f) = 132*f - 24. Let t be u(2). Calculate the highest common divisor of t and 30.
30
Suppose -5*w - 51 = 3*u - u, 0 = -u - w - 21. Let z be (-1 - (0 - 0))/(u + 17). What is the highest common factor of z and 1?
1
Let f be (-4 + 1)/(604/(-296) - -2). Calculate the highest common divisor of f and 111.
37
Let z(t) = t**2 + 9*t + 18. Let k be z(-14). Let d = -26 + k. Suppose -2*p + d = -18. What is the greatest common divisor of p and 5?
5
Suppose 9*g - 1260 = -g. Calculate the greatest common divisor of g and 6.
6
Suppose 6*i - 28*i = -2926. Calculate the greatest common divisor of i and 7.
7
Suppose -3*v + 17 = 5*k, 0 = -5*v + 2*k + 18. Let g(z) = 3*z**2 - 9*z + 12. Let u be g(2). What is the greatest common factor of v and u?
2
Suppose -2*t - 2*q + 230 = -5*q, -593 = -5*t + 3*q. What is the highest common factor of 33 and t?
11
Suppose -67 = -3*g - f, -g = -4*f - 70 + 26. Let v(o) = 9*o - 2. Let i = 5 + -3. Let j be v(i). What is the greatest common factor of j and g?
8
Let z = 156 + -130. What is the highest common factor of z and 182?
26
Suppose 2 = 5*y - 4*y. Suppose -y = n - 5. Suppose n*l - 39 = 87. What is the greatest common divisor of 6 and l?
6
Let l = 145 + -53. Let a = -76 + 79. Suppose -a*x = -l - 22. Calculate the greatest common factor of x and 19.
19
Let a = 220 + -148. Calculate the greatest common divisor of 144 and a.
72
Let k be (-6)/(-4)*(-7 - -1). Let l be (220/(-15))/(3/k). What is the greatest common divisor of l and 4?
4